est common factor of 210 and 665?
35
Calculate the highest common factor of 1131 and 1053.
39
What is the greatest common factor of 42 and 3073?
7
Calculate the highest common divisor of 5000 and 8.
8
Calculate the highest common factor of 102 and 34.
34
Calculate the highest common factor of 315 and 2415.
105
What is the highest common factor of 14514 and 492?
246
Calculate the greatest common factor of 33 and 1529.
11
What is the greatest common divisor of 3357 and 9?
9
What is the highest common divisor of 9593 and 53?
53
Calculate the greatest common factor of 20 and 3110.
10
Calculate the greatest common divisor of 16 and 256.
16
What is the greatest common divisor of 810 and 10?
10
What is the greatest common factor of 107 and 1391?
107
Calculate the greatest common factor of 2 and 32.
2
Calculate the greatest common divisor of 188 and 1786.
94
Calculate the greatest common divisor of 90 and 40.
10
What is the highest common factor of 4671 and 36?
9
What is the highest common divisor of 363 and 1463?
11
What is the greatest common divisor of 28 and 154?
14
Calculate the greatest common divisor of 344 and 946.
86
Calculate the greatest common divisor of 3 and 27.
3
Calculate the greatest common factor of 3 and 34.
1
What is the highest common factor of 259 and 7?
7
What is the highest common divisor of 798 and 1008?
42
What is the greatest common divisor of 5508 and 27?
27
What is the greatest common factor of 27 and 189?
27
Calculate the greatest common divisor of 4185 and 30.
15
What is the highest common divisor of 113 and 1?
1
Calculate the highest common divisor of 12 and 132600.
12
Calculate the greatest common divisor of 324 and 180.
36
What is the highest common factor of 598 and 46?
46
What is the greatest common divisor of 2772 and 14?
14
What is the highest common factor of 2530 and 69?
23
Calculate the greatest common factor of 4416 and 92.
92
Calculate the greatest common divisor of 91 and 3.
1
What is the greatest common factor of 240 and 130?
10
Calculate the highest common factor of 3074 and 58.
58
Calculate the greatest common divisor of 1449 and 819.
63
Calculate the highest common divisor of 75 and 101475.
75
What is the highest common factor of 6136 and 20?
4
What is the highest common divisor of 63 and 21231?
63
Calculate the highest common divisor of 19 and 76.
19
Calculate the highest common divisor of 66 and 11.
11
What is the greatest common factor of 215 and 645?
215
What is the greatest common divisor of 3509 and 121?
121
What is the highest common divisor of 160 and 2720?
160
Calculate the greatest common divisor of 108 and 3456.
108
What is the highest common divisor of 684 and 950?
38
What is the greatest common factor of 4773 and 387?
129
What is the highest common divisor of 798 and 1824?
114
What is the greatest common divisor of 110 and 2970?
110
Calculate the highest common factor of 240 and 108.
12
Calculate the highest common factor of 48 and 9540.
12
Calculate the highest common factor of 72 and 9528.
24
Calculate the greatest common divisor of 25 and 4975.
25
What is the highest common divisor of 8 and 76?
4
Calculate the greatest common factor of 12543 and 222.
111
Calculate the highest common factor of 413 and 308.
7
What is the highest common divisor of 36 and 84?
12
What is the highest common divisor of 2640 and 2805?
165
Calculate the highest common divisor of 12 and 28.
4
Calculate the highest common divisor of 676 and 65.
13
Calculate the highest common factor of 135 and 20.
5
Calculate the greatest common factor of 225 and 21825.
225
Calculate the greatest common divisor of 104 and 56.
8
What is the highest common divisor of 5556 and 6?
6
What is the highest common divisor of 26 and 3822?
26
Calculate the highest common divisor of 215 and 2107.
43
What is the greatest common divisor of 32 and 22?
2
What is the greatest common divisor of 588 and 8?
4
What is the greatest common divisor of 125 and 135?
5
Calculate the greatest common factor of 444 and 27.
3
What is the highest common divisor of 64 and 7?
1
Calculate the highest common factor of 464 and 4.
4
Calculate the highest common factor of 135 and 450.
45
Calculate the highest common factor of 52 and 923.
13
Calculate the greatest common factor of 204 and 680.
68
Calculate the highest common factor of 3246 and 6.
6
What is the greatest common factor of 31 and 23?
1
What is the highest common factor of 640 and 20?
20
What is the greatest common factor of 14 and 182?
14
Calculate the greatest common factor of 152 and 722.
38
Calculate the greatest common divisor of 252 and 224.
28
Calculate the highest common factor of 551 and 19.
19
Calculate the greatest common factor of 544 and 17.
17
Calculate the greatest common divisor of 45 and 20835.
45
What is the greatest common divisor of 145 and 174?
29
Calculate the greatest common divisor of 714 and 68.
34
Calculate the highest common factor of 2139 and 62.
31
Calculate the greatest common divisor of 12593 and 196.
49
Calculate the highest common factor of 211 and 2.
1
Calculate the highest common factor of 190 and 342.
38
What is the greatest common factor of 342 and 9?
9
Calculate the greatest common factor of 19 and 893.
19
What is the greatest common divisor of 1139 and 737?
67
What is the greatest common divisor of 10 and 19060?
10
What is the highest common divisor of 81 and 122391?
81
What is the greatest common factor of 2567 and 34?
17
What is the highest common divisor of 1541 and 1809?
67
What is the highest common factor of 7 and 3647?
7
Calculate the highest common factor of 11 and 198.
11
Calculate the greatest common divisor of 17 and 1717.
17
Calculate the greatest common factor of 120 and 160.
40
Calculate the highest common divisor of 324 and 540.
108
What is the greatest common divisor of 4920 and 20?
20
Calculate the greatest common factor of 3297 and 21.
21
What is the highest common factor of 1914 and 198?
66
Calculate the highest common divisor of 13 and 260.
13
What is the greatest common divisor of 7 and 553?
7
What is the greatest common factor of 161 and 7061?
23
What is the greatest common factor of 32 and 46688?
32
What is the highest common factor of 325 and 25?
25
What is the greatest common divisor of 1411 and 17?
17
Calculate the highest common factor of 10 and 6.
2
Calculate the highest common divisor of 765 and 306.
153
What is the highest common factor of 35 and 329?
7
What is the highest common factor of 4 and 9868?
4
Calculate the highest common divisor of 9160 and 40.
40
What is the greatest common divisor of 774 and 86?
86
Calculate the greatest common factor of 5896 and 88.
88
Calculate the highest common divisor of 324 and 1539.
81
Calculate the highest common factor of 1323 and 21.
21
What is the highest common factor of 62 and 1054?
62
What is the highest common divisor of 7200 and 160?
160
What is the greatest common divisor of 322 and 21?
7
What is the highest common divisor of 1776 and 432?
48
What is the highest common factor of 85 and 17340?
85
Calculate the greatest common factor of 132 and 2256.
12
Calculate the greatest common divisor of 22663 and 173.
173
What is the greatest common factor of 1281 and 63?
21
What is the greatest common divisor of 120 and 16?
8
What is the highest common divisor of 444 and 12?
12
What is the greatest common factor of 84 and 3?
3
Calculate the greatest common factor of 32 and 9088.
32
What is the greatest common factor of 87 and 3?
3
What is the greatest common divisor of 200 and 56?
8
What is the greatest common divisor of 171 and 1672?
19
What is the highest common factor of 16 and 1?
1
Calculate the greatest common divisor of 16 and 24432.
16
Calculate the highest common factor of 315 and 36.
9
Calculate the highest common factor of 638 and 44.
22
What is the greatest common factor of 432 and 4563?
27
Calculate the highest common divisor of 362 and 8326.
362
Calculate the greatest common divisor of 185 and 148.
37
What is the highest common divisor of 318 and 6?
6
What is the greatest common divisor of 63 and 9?
9
What is the greatest common factor of 162 and 342?
18
What is the greatest common divisor of 448 and 476?
28
What is the highest common factor of 723 and 3?
3
Calculate the greatest common di